?
15b38314
In base 6, what is -2445 + -211220?
-214105
In base 10, what is 236 + -463?
-227
In base 7, what is 5142 - 1504?
3335
In base 14, what is -b9b757 - 7d?
-b9b7d6
In base 2, what is -1011100111100011101 + -1100?
-1011100111100101001
In base 11, what is 2 - 234949?
-234947
In base 15, what is 40 + 44800?
44840
In base 7, what is -20 - 14435205?
-14435225
In base 12, what is -88b9b - 7a?
-89059
In base 6, what is -3 - -41125031?
41125024
In base 11, what is -44959 - -5a6?
-44363
In base 4, what is 2003301 + -213?
2003022
In base 14, what is -c17 + 7158?
6341
In base 14, what is -262d4 - -70a?
-259c8
In base 15, what is -c368b - 5?
-c3691
In base 11, what is -16293 - a7?
-1638a
In base 14, what is 11263a1 + -31?
1126370
In base 5, what is -1032 + 40012213?
40011131
In base 11, what is -1a8354 + 37?
-1a8318
In base 10, what is -8 - 96328845?
-96328853
In base 11, what is 1482a6 + -2a7?
147aaa
In base 13, what is -3b29803 + 1?
-3b29802
In base 7, what is -452236121 - 2?
-452236123
In base 6, what is -42 - 3455350?
-3455432
In base 4, what is 10010331130 - 10201?
10010320323
In base 9, what is -36 + -766535?
-766572
In base 12, what is -62 - -8a76a8?
8a7646
In base 3, what is 1200212200122 + -10?
1200212200112
In base 6, what is 1314 - -2111?
3425
In base 11, what is -7 - 3486a417?
-3486a423
In base 16, what is -12 + 806489?
806477
In base 6, what is 12403021312 - 10?
12403021302
In base 10, what is 2 + -6398570?
-6398568
In base 7, what is -1026 + -124011?
-125040
In base 13, what is cb74c - -15?
cb764
In base 12, what is 495a82 - 5?
495a79
In base 13, what is 37571a9 - -4?
37571b0
In base 12, what is -55799 - 58?
-55835
In base 13, what is -4c12a30 + 2?
-4c12a2b
In base 13, what is -103 + -354cbc?
-3550c2
In base 14, what is -9927 + 2b1?
-9656
In base 7, what is -5 - -651512312?
651512304
In base 12, what is -5 + -66842675?
-6684267a
In base 11, what is 13 - -648605?
648618
In base 16, what is -4 - -49e3cc?
49e3c8
In base 9, what is 116651 - 436?
116214
In base 14, what is 1 + 1347213d?
13472140
In base 15, what is 2e88 - -3dc?
3375
In base 13, what is 4 + 292bc7?
292bcb
In base 3, what is -2001111022020222 + -110?
-2001111022021102
In base 8, what is -120770242 + 5?
-120770235
In base 7, what is -1243 + -54050?
-55323
In base 2, what is 10000 - 11011111100011011110?
-11011111100011001110
In base 13, what is 34810a + -31?
3480a9
In base 8, what is 7574 - -422?
10216
In base 10, what is -17 - 2388257?
-2388274
In base 9, what is 1615762 - -228?
1616101
In base 3, what is -10120111021022 - -221?
-10120111020101
In base 10, what is 140186 + 184?
140370
In base 6, what is 44352 + 32413?
121205
In base 15, what is -107 + 58b64?
58a5c
In base 12, what is -5 - -86008b?
860086
In base 14, what is 5004 - 21?
4dc3
In base 4, what is 10 + -21201003311?
-21201003301
In base 6, what is 12 + -33030133?
-33030121
In base 13, what is 6 + -419092?
-419089
In base 8, what is -15 - -3533151?
3533134
In base 10, what is -4 + 5818803?
5818799
In base 10, what is -7215765 - 1?
-7215766
In base 8, what is 16 + 66700012?
66700030
In base 6, what is 32 - -13153321?
13153353
In base 14, what is -42 - 14d439?
-14d47b
In base 10, what is 12886 + -40716?
-27830
In base 4, what is -11320 + -32012?
-103332
In base 3, what is 10 + 10012212221022100?
10012212221022110
In base 9, what is -4073 + 57143?
53060
In base 15, what is 2 + -a92224?
-a92222
In base 3, what is -2022111202 - -101001?
-2022010201
In base 13, what is a142b + 171?
a159c
In base 11, what is -47a70998 - -4?
-47a70994
In base 2, what is -101001011111110010111 - 101000?
-101001011111110111111
In base 2, what is 100 + -101101011000100010001?
-101101011000100001101
In base 4, what is -33 + -10013031022?
-10013031121
In base 16, what is -1ac9f07a + -4?
-1ac9f07e
In base 10, what is 4 - -2099628?
2099632
In base 8, what is -710 - 105466?
-106376
In base 14, what is -62 - 47b9?
-483b
In base 5, what is 120403201 + 124?
120403330
In base 11, what is -605a + -6985?
-11a34
In base 3, what is 2 + 110000212210012?
110000212210021
In base 14, what is 3aab235 + 3?
3aab238
In base 9, what is 1508430 + 0?
1508430
In base 2, what is 1010001101010001000100 - -1111?
1010001101010001010011
In base 11, what is 37 - 96985?
-96949
In base 8, what is 32056 - -734?
33012
In base 4, what is -101202323132 + -13?
-101202323211
In base 13, what is 0 + 4b71a7?
4b71a7
In base 11, what is 104a + -30181?
-2a132
In base 11, what is -10 + 203025?
203015
In base 9, what is 4 - -471304356?
471304361
In base 8, what is 60053314 - -4?
60053320
In base 9, what is -200421888 + -3?
-200422002
In base 5, what is -40 - 304013412?
-304014002
In base 6, what is 41501 + 2401?
44302
In base 16, what is f3225 + 7?
f322c
In base 14, what is 0 + 176c8ca?
176c8ca
In base 9, what is -12 - -1213000?
1212877
In base 2, what is 10101101 + -111111000111011010?
-111111000100101101
In base 14, what is b1074870 - -2?
b1074872
In base 2, what is -100100101011101100111 - -11?
-100100101011101100100
In base 12, what is -1 - 12924984?
-12924985
In base 9, what is 37246460 - 11?
37246448
In base 11, what is 8515850 + -7?
8515844
In base 14, what is 1 - -187604c?
187604d
In base 12, what is -373 + 4a67?
46b4
In base 5, what is 33342 - 4014214?
-3430322
In base 2, what is -11110011101100 - -1111101100?
-11100100000000
In base 6, what is -1 - 1130534025?
-1130534030
In base 5, what is 10231243144 - -421?
10231244120
In base 9, what is -263023 - 664?
-263687
In base 16, what is 1d7ed - -310?
1dafd
In base 3, what is 1121202120 + 1212?
1121211102
In base 7, what is -242305 + 54?
-242221
In base 3, what is -10100221 + 222022?
-2101122
In base 10, what is -5086515 + 11?
-5086504
In base 14, what is -2c774 + -1c?
-2c792
In base 14, what is 112149 + 0?
112149
In base 10, what is -26369 - -642?
-25727
In base 16, what is c + 72cf6?
72d02
In base 13, what is c1 + -c0908?
-c0817
In base 5, what is -33120 - 101043?
-134213
In base 5, what is -313211420 + 2?
-313211413
In base 15, what is -18eae + 6b1?
-187ed
In base 7, what is 5453 - -352106?
360562
In base 11, what is 0 + -84a144?
-84a144
In base 14, what is 2 - 116344d3?
-116344d1
In base 11, what is 25a1275 + -59?
25a1217
In base 6, what is 1014 + 2154355?
2155413
In base 5, what is 2233010330 + 23?
2233010403
In base 11, what is 8 - -1585738?
1585745
In base 16, what is c2 - -8cd35?
8cdf7
In base 14, what is -c + 394cd8?
394cca
In base 10, what is 17 + 177087?
177104
In base 6, what is -53025 + -205133?
-302202
In base 3, what is -10011202110 - 1200?
-10011211010
In base 3, what is -10 + 10101220021012020?
10101220021012010
In base 12, what is 0 - 584423?
-584423
In base 9, what is -22315 + -83120?
-115435
In base 5, what is -1240 + 1303403120?
1303401330
In base 2, what is 100111011110011101010001 + -101001?
100111011110011100101000
In base 7, what is -1323513211 + 2?
-1323513206
In base 12, what is -473433 - -15?
-47341a
In base 12, what is 6040b9761 - -4?
6040b9765
In base 6, what is -1201324340 - -1?
-1201324335
In base 5, what is 3 + 11020304204?
11020304212
In base 3, what is 0 + 1012122011001101?
1012122011001101
In base 12, what is 1b410a8 + -135?
1b40b73
In base 6, what is -14 - -15014142012?
15014141554
In base 5, what is 130113212000 + 22?
130113212022
In base 9, what is 722885 + 660?
723655
In base 15, what is -73b + -76b5?
-7e01
In base 12, what is -4144 + -1ba8?
-6130
In base 14, what is 1a59 - 6083?
-4428
In base 11, what is 128231879 - 2?
128231877
In base 12, what is -b4319 - -99?
-b4240
In base 9, what is 247766 + 7?
247774
In base 16, what is 2 + -100667?
-100665
In base 3, what is -122210020112 - 222121?
-122211020010
In base 12, what is 23190a82 - -2?
23190a84
In base 8, what is 34556150 - -16?
34556166
In base 7, what is 6 + -122042445?
-122042436
In base 15, what is -d - -3ad8355?
3ad8347
In base 8, what is 13105 - -163?
13270
In base 16, what is 14 + -175fb?
-175e7
In base 7, what is -535234 + 44?
-535160
In base 13, what is 7aacaa + -213?
7aaa97
In base 14, what is -6375 - -43?
-6332
In base 14, what is -537a1bb7 - -2?
-537a1bb5
In base 7, what is 1122 - -120552?
122004
In base 7, what is 442452011 + 4?
442452015
In base 11, what is -154 - -830859?
830705
In base 5, what is -10313113 + 3134?
-10304